a(g) = -8*g**2 - 56*g - 1. Determine a(-7).
-1
Let g(l) = 40*l**2 + 3*l + 4. What is g(-2)?
158
Let l(h) = -8*h - 18. Calculate l(-3).
6
Let v(x) = 5*x**2 + 149*x - 27. Determine v(-30).
3
Let t(y) = 12*y + 10. What is t(-3)?
-26
Let n(f) = -6*f - 70. Calculate n(-13).
8
Let k(u) = u**3 + 33*u**2 + 31*u - 16. What is k(-32)?
16
Let a(z) = z**3 + 8*z**2 + z + 11. Give a(-8).
3
Let v(a) = -8*a - 9. Calculate v(-1).
-1
Let n(d) = -17*d + 40. Calculate n(7).
-79
Let p(s) = s**2 - 4*s - 104. What is p(-8)?
-8
Let l(a) = -3*a**3 - 3*a**2 + 5*a + 3. What is l(-3)?
42
Let d(m) = m**3 - 3*m**2 - 3*m - 1. Calculate d(-2).
-15
Let z(y) = y + 24. Calculate z(-15).
9
Let u(d) = d**3 - 3*d**2 - 22*d + 23. Give u(6).
-1
Let u(x) = -x**2 + 8*x. Calculate u(8).
0
Let b(p) = 10*p**2 - 13*p + 1. Determine b(2).
15
Let d(b) = 2*b**2 - 2*b - 36. Calculate d(0).
-36
Let z(a) = a**3 - 3*a**2 - a - 9. Give z(4).
3
Let z(b) = 2*b + 46. What is z(3)?
52
Let x(v) = 3*v - 33. Give x(12).
3
Let w(y) = 4*y**2 - 190*y + 270. Determine w(46).
-6
Let u(o) = o**2 + 7*o - 16. Determine u(-6).
-22
Let i(g) = g**3 + g**2 - 4*g - 4. Calculate i(-4).
-36
Let u(z) = -z**3 + 5*z**2 + 18*z - 6. Determine u(7).
22
Let u(j) = -j**2 - 35*j + 34. Give u(-36).
-2
Let q(g) = -12*g - 67. What is q(-6)?
5
Let p(l) = l**3 + 17*l**2 + 18. Determine p(-17).
18
Let p(i) = 3*i**2 + 4*i - 4. Give p(-4).
28
Let i(b) = -b**2 + 2*b + 97. What is i(-9)?
-2
Let l(q) = 4*q + 7. Determine l(5).
27
Let u(o) = 3*o**3 + 6*o**2 + o + 9. Give u(-2).
7
Let i(n) = n**3 + 21*n**2 - 49*n + 12. Give i(-23).
81
Let t(x) = x**2 + 13*x - 12. Give t(-15).
18
Let v(i) = 2*i**2 - 5*i + 1. Determine v(3).
4
Let j(x) = 20*x - 99. Determine j(5).
1
Let l(g) = g**3 + 5*g**2 + 6*g - 2. Determine l(-5).
-32
Let c(r) = -3*r**2 - 5*r - 6. Calculate c(-2).
-8
Let p(v) = -6*v + 2. Calculate p(-7).
44
Let n(i) = -i**3 + i + 3. Give n(-2).
9
Let i(w) = -7*w - 37. Determine i(-8).
19
Let u(s) = 24*s + 55. Calculate u(-5).
-65
Let a(l) = 4*l + 45. Determine a(-12).
-3
Let q(d) = -d**3 + 2*d + 29. Determine q(0).
29
Let z(o) = -5*o**3 - 7*o**2 + 5*o. Determine z(-2).
2
Let h(b) = 32*b**2 - 4. What is h(2)?
124
Let b(z) = -z**3 - 6*z**2 - 6*z + 3. Calculate b(-3).
-6
Let u(s) = -s**3 - 4*s**2 + 10*s - 6. Give u(-5).
-31
Let u(m) = -m**2 + 24*m - 35. Determine u(22).
9
Let v(a) = -a**2 + 45*a + 140. Determine v(-3).
-4
Let z(a) = -a - 1. Determine z(-6).
5
Let z(q) = -12*q**2 + 18*q - 19. Calculate z(1).
-13
Let c(s) = -32*s + 306. Calculate c(9).
18
Let d(s) = 2*s + 29. Calculate d(-15).
-1
Let g(w) = -w + 16. Give g(9).
7
Let a(c) = 135*c + 816. What is a(-6)?
6
Let y(o) = -o**2 + 6*o + 39. Determine y(10).
-1
Let w(c) = c**2 + 4*c + 1. What is w(5)?
46
Let s(q) = -q**2 + 30*q + 131. Give s(34).
-5
Let j(o) = -5*o - 2. Give j(-1).
3
Let p(u) = -3*u + 20. Give p(13).
-19
Let l(c) = -2*c - 30. Determine l(-13).
-4
Let d(w) = 4*w**3 + 24*w**2 - 4*w - 6. What is d(-6)?
18
Let i(l) = 2*l + 53. Determine i(-24).
5
Let n(m) = 7*m**2 + 33*m - 13. Determine n(-5).
-3
Let n(c) = 11*c + 87. Give n(-11).
-34
Let u(o) = -o**2 - 15*o + 30. Calculate u(-17).
-4
Let q(n) = -2*n**2 - 5*n + 2. Calculate q(4).
-50
Let w(a) = -a**3 - 15*a**2 - 22*a + 41. Determine w(-13).
-11
Let b(j) = -j**2 - 8*j + 7. Calculate b(-8).
7
Let v(a) = 4*a**3 + 2*a**2 - 2. Give v(-2).
-26
Let s(i) = 7*i**2 - 5*i + 6. Calculate s(5).
156
Let n(k) = -2*k**3 - 2*k**2 - k + 4. Determine n(-2).
14
Let l(m) = 8*m**2 + 39*m + 1. Determine l(-5).
6
Let p(v) = v + 5. Calculate p(0).
5
Let j(r) = 2*r**2 + 9*r + 12. Give j(-7).
47
Let s(q) = -q**2 + 10*q + 7. Give s(10).
7
Let l(u) = u**2 + 13*u + 37. Give l(-9).
1
Let w(m) = -m**3 + 3*m**2 + 15*m + 3. Determine w(6).
-15
Let u(k) = 2*k**3 + 18*k**2 + 25*k - 2. Determine u(-7).
19
Let h(s) = -s**3 - 2*s**2 + s. Determine h(-2).
-2
Let p(r) = -r**3 - r**2 - r + 43. Calculate p(0).
43
Let s(b) = b**3 + 4*b**2 - 8*b - 6. Calculate s(-6).
-30
Let c(a) = 17*a**2 + 3*a - 2. Calculate c(2).
72
Let s(d) = -4*d + 24. What is s(10)?
-16
Let t(m) = -50*m + 11. Give t(2).
-89
Let x(c) = c**2 - 2*c - 2. What is x(0)?
-2
Let d(k) = -k**3 + 13*k**2 + 21*k - 20. Give d(14).
78
Let c(r) = r**3 - 6*r**2 - 2*r + 14. What is c(6)?
2
Let o(u) = 3*u**2 + 10*u + 7. Give o(-6).
55
Let f(q) = -q**3 - 3*q**2 + 6*q - 5. What is f(-5)?
15
Let p(s) = 5*s - 76. Determine p(12).
-16
Let w(s) = -2*s**3 + 51*s**2 + 27*s - 45. Determine w(26).
-19
Let z(a) = a**2 - 9*a + 3. What is z(7)?
-11
Let h(y) = 4*y + 29. Give h(-10).
-11
Let t(h) = h**3 + 10*h**2 - 10*h + 5. What is t(-11)?
-6
Let f(l) = 3*l**3 - 2*l**2 - 2*l + 2. Calculate f(-2).
-26
Let h(r) = 47*r + 13. Determine h(0).
13
Let d(s) = -58*s**2 - s + 1. What is d(1)?
-58
Let y(k) = -2*k**2 + 4*k - 3. Give y(4).
-19
Let m(l) = -2*l**2 + 5*l - 3. Give m(-6).
-105
Let z(w) = -2*w**2 + 40*w + 4. What is z(20)?
4
Let h(i) = -9*i - 15. What is h(-6)?
39
Let x(o) = o**2 - 9*o - 10. Determine x(13).
42
Let r(a) = -3*a**3 + a**2 + 5*a + 5. Calculate r(-2).
23
Let z(i) = i - 38. Determine z(25).
-13
Let h(w) = -w**3 + 5*w**2 - 2*w + 4. Calculate h(6).
-44
Let p(t) = -6*t - 165. What is p(-31)?
21
Let l(o) = -9*o + 26. Give l(5).
-19
Let g(n) = n**3 - 10*n**2 + 11*n + 8. What is g(9)?
26
Let t(c) = -3*c + 5. Calculate t(-6).
23
Let i(u) = u + 5. Give i(-10).
-5
Let z(o) = -o**3 + 15*o**2 + 15*o + 17. Calculate z(16).
1
Let t(f) = -4*f**2 + 3*f - 10. Determine t(3).
-37
Let i(a) = 161*a - 487. Determine i(3).
-4
Let p(v) = -3*v + 24. Calculate p(11).
-9
Let l(o) = -o**3 - 3*o**2 - 4*o + 8. Give l(-6).
140
Let w(j) = -j**2 - 2*j - 1. Determine w(2).
-9
Let b(s) = s**2 - 2*s - 12. Give b(4).
-4
Let s(f) = 4*f**3 - 2*f**2 - 3*f - 2. Calculate s(-1).
-5
Let m(r) = -r - 6. What is m(-6)?
0
Let n(k) = 37*k + 114. What is n(-3)?
3
Let n(f) = -3*f**2 + 30*f + 5. What is n(10)?
5
Let l(i) = -6*i - 165. Give l(-28).
3
Let q(a) = -3*a**3 - 2*a**2 - a - 1. Determine q(2).
-35
Let k(y) = -5*y - 5. Determine k(-4).
15
Let p(o) = 12*o - 39. Determine p(3).
-3
Let r(u) = -2*u**2 - 16*u - 17. Determine r(-7).
-3
Let p(z) = -z**2 - 8*z + 27. What is p(-11)?
-6
Let t(i) = 3*i**3 - 3*i**2 + 7*i - 8. Determine t(3).
67
Let x(n) = -2*n**2 - 4*n + 8. Give x(-4).
-8
Let u(p) = 4*p - 2. Give u(-1).
-6
Let v(t) = t**3 - 16*t**2 + 38*t + 13. Calculate v(13).
0
Let i(u) = u**2 + 7*u - 16. Calculate i(-9).
2
Let v(h) = -4*h - 79. Give v(-25).
21
Let b(f) = f**2 + 2*f - 53. Give b(0).
-53
Let d(j) = 7*j**2. Determine d(-1).
7
Let v(j) = -j**2 - 6*j + 194. Give v(-17).
7
Let l(x) = x**2 + 20*x + 39. What is l(-22)?
83
Let j(z) = z - 12. What is j(9)?
-3
Let k(s) = -s**3 - 6*s**2 + 3*s + 20. What is k(-6)?
2
Let m(q) = -q**2 + 9*q - 5. What is m(8)?
3
Let c(n) = n**3 + 3*n**2 - 4*n - 2. Calculate c(-5).
-32
Let m(d) = -d**2 + 17*d - 4. What is m(17)?
-4
Let t(q) = -4*q**2 - 5*q - 1. Determine t(-4).
-45
Let q(f) = f**2 - 10*f. Calculate q(9).
-9
Let f(k) = -k**2 + 6*k. What is f(4)?
8
Let p(u) = -u**3 - 12*u**2 - 2*u - 7. Determine p(-12).
17
Let v(r) = 38*r**3 - r**2. Calculate v(-1).
-39
Let w(s) = 7*s + 5. Give w(-4).
-23
Let x(d) = -26*d - 219. What is x(-8)?
-11
Let y(k) = k**2 - 10*k + 5. Determine y(11).
16
Let y(f) = -f**3 - 5*f**2 - f - 7. Give y(-3).
-22
Let z(p) = -p - 99. Determine z(9).
-108
Let i(q) = -q**2 - 11*q + 1. What is i(-8)?
25
Let f(i) = -i**3 - 9*i**2 - 12*i - 101. Give f(-9).
7
Let a(q) = q**2 + 13*q - 43. Calculate a(-20).
97
Let y(u) = u**2 - 3*u - 41. What is y(-5)?
-1
Let a(t) = -2*t**3 + 1. Calculate a(1).
-1
Let x(k) = 4*k**2 - 61*k + 46. Give x(15).
31
Let s(t) = -5*t - 5. Calculate s(-4).
15
Let v(i) = -i + 18. Calculate v(22).
-4
Let m(s) = -s**2 - 20*s - 24. Give m(-18).
12
Let y(h) = 12*h + 1. What is y(-2)?
-23
Let f(j) = -j**3 + 6*j**2 + 13*j + 4. Calculate f(7).
46
Let j(l) = -8*l + 2. Give j(1).
-6
Let m(t) = t - 15. Determine m(7).
-8
Let q(g) = 2*g**2 + 8*g - 7. Determine q(-8).
57
Let p(c) = 8*c**2 - 7*c - 11. Determine p(-1).
4
Let t(q) = 3*q**2 - 3*q. Calculate t(2).
6
Let i(a) = -a**2 - 2*a + 1. What is i(-6)?
-23
Let q(t) = -4*t**2 - t. What is q(-1)?
-3
Let t(g) = -g**3 - 7*g**2 + 9. Give t(-7).
9
Let y(s) = 5*s - 10. Calculate y(7).
25
Let n(w) = w**3 - 12*w**2 + 34*w - 21. Determine n(9).
42
Let f(j